{"id":68,"date":"2018-11-16T10:26:34","date_gmt":"2018-11-16T10:26:34","guid":{"rendered":"https:\/\/kanzleigerstmannbaltiss.live-website.com\/?page_id=68"},"modified":"2018-12-16T19:06:12","modified_gmt":"2018-12-16T19:06:12","slug":"datenschutz","status":"publish","type":"page","link":"https:\/\/gerstmann-baltissen.de\/?page_id=68","title":{"rendered":"Datenschutz"},"content":{"rendered":"<p style=\"text-align: center;\"><strong>Datenschutzerkl\u00e4rung<\/strong><\/p>\n<p><strong>Geltungsbereich<\/strong><\/p>\n<p>Diese Datenschutzerkl\u00e4rung soll die Nutzer dieser Website gem\u00e4\u00df Bundesdatenschutzgesetz und Telemediengesetz \u00fcber die Art, den Umfang und den Zweck der Erhebung und Verwendung personenbezogener Daten durch den Websitebetreiber informieren.<\/p>\n<p>Der Websitebetreiber nimmt Ihren Datenschutz sehr ernst und behandelt Ihre personenbezogenen Daten vertraulich und entsprechend der gesetzlichen Vorschriften.<\/p>\n<p>Bedenken Sie, dass die Daten\u00fcbertragung im Internet grunds\u00e4tzlich mit Sicherheitsl\u00fccken bedacht sein kann. Ein vollumf\u00e4nglicher Schutz vor dem Zugriff durch Fremde ist nicht realisierbar.<\/p>\n<p><strong>1.\u00a0 Name und Kontaktdaten des f\u00fcr die Datenverarbeitung Verantwortlichen und des betrieblichen Datenschutzbeauftragten<\/strong><\/p>\n<p>Betreiber dieser Website und verantwortlich f\u00fcr die Erhebung, Verarbeitung und Nutzung Ihrer pers\u00f6nlichen Daten i.S. der Datenschutz-Grundverordnung der EU (DS-GVO) und des Bundesdatenschutzgesetzes (BDSG-2018) ist die<\/p>\n<p>Kanzlei Gerstmann-Baltissen<br \/>\nAmtsgerichtsstra\u00dfe 20<br \/>\n47119 Duisburg<br \/>\nrain@gmx.de<br \/>\nTelfon: \u00a00203 872500<br \/>\nTelefax: \u00a00203 872501<\/p>\n<p>Datenschutzbeauftragte der Kanzlei ist:<\/p>\n<p>Gabriele Gerstmann-Baltissen<br \/>\nAmtsgerichtsstra\u00dfe 20<br \/>\n47119 Duisburg<br \/>\nTelfon: \u00a00203 872500<br \/>\nTelefax: \u00a00203 872501<\/p>\n<p><strong>2.\u00a0 Erhebung und Speicherung personenbezogener Daten sowie Art und Zweck ihrer Verwendung<br \/>\n<\/strong><br \/>\nSie haben verschiedene M\u00f6glichkeiten, per Internet mit uns in Kontakt zu treten.<\/p>\n<p><strong>a) Besuch unserer Website<br \/>\n<\/strong><br \/>\nBei jedem Besuch unserer Website werden von Ihrem Browser automatisch Informationen an den Server unserer Website gesendet und tempor\u00e4r in einem sog. Logfile gespeichert.<br \/>\nFolgende Daten werden dabei ohne Ihr Zutun erfasst und bis zur automatisierten L\u00f6schung gespeichert:<\/p>\n<ul style=\"list-style-type: circle;\">\n<li>die IP-Adresse des anfragenden Rechners<\/li>\n<li>das Datum und die Uhrzeit des Zugriffs<\/li>\n<li>der Name und die URL der abgerufenen Datei<\/li>\n<li>die Website, von der aus der Zugriff erfolgt<\/li>\n<li>das Betriebssystem Ihres Rechners und der von Ihnen verwendete Browser<\/li>\n<li>der Name Ihres Internet-Access-Providers.<\/li>\n<\/ul>\n<p>Die genannten Daten werden durch uns zu folgenden Zwecken verarbeitet:<\/p>\n<ul style=\"list-style-type: circle;\">\n<li>Gew\u00e4hrleistung eines reibungslosen Verbindungsaufbaus der Website<\/li>\n<li>Gew\u00e4hrleistung einer komfortablen Nutzung unserer Website<\/li>\n<li>Auswertung der Systemsicherheit und -stabilit\u00e4t<\/li>\n<li>weitere administrative Zwecke.<\/li>\n<\/ul>\n<p>Rechtsgrundlage f\u00fcr die Datenverarbeitung ist Art. 6 Abs. 1 S. 1 lit. f DS-GVO, wonach die Verarbeitung rechtm\u00e4\u00dfig ist, wenn<\/p>\n<p>\u201edie Verarbeitung zur Wahrung des berechtigten Interesses des Verantwortlichen oder eines Dritten erforderlich (ist), sofern nicht die Interessen oder Grundrechte und Grundfreiheiten der betroffenen Person, die den Schutz personenbezogener Daten erfordern, \u00fcberwiegen, insbesondere dann, wenn es sich bei der betroffenen Person um ein Kind handelt\u201c.<\/p>\n<p>Unser berechtigtes Interesse an der Datenerhebung ergibt sich aus den oben aufgelisteten Zwecken. In keinem Fall verwenden wir die erhobenen Daten, um R\u00fcckschl\u00fcsse auf Ihre Person zu ziehen.<br \/>\nDar\u00fcber hinaus setzen wir auf unserer Website Cookies und ein weiteres Analyse-Tool ein.<\/p>\n<p><strong>b) Nutzung unseres Kontaktformulars<\/strong><\/p>\n<p>Bei Fragen jeglicher Art bieten wir Ihnen die M\u00f6glichkeit, \u00fcber ein auf dieser Website bereitgestelltes Formular Kontakt mit uns aufzunehmen.<br \/>\nDabei ist die Angabe einer g\u00fcltigen E-Mail-Adresse erforderlich, damit wir wissen, von wem die Anfrage stammt, und damit wir die Anfrage beantworten k\u00f6nnen. Weitere Angaben k\u00f6nnen freiwillig get\u00e4tigt werden.<br \/>\nDie Datenverarbeitung zum Zweck der Kontaktaufnahme mit uns erfolgt auf Grundlage Ihrer freiwillig erteilten Einwilligung (Art. 6 Abs. 1 S. 1 lit. a DS-GVO).<br \/>\nDie f\u00fcr die Benutzung des Kontaktformulars von uns erhobenen personenbezogenen Daten werden nach Erledigung Ihrer Anfrage automatisch gel\u00f6scht.<\/p>\n<p><strong>3. Weitergabe von Daten<\/strong><\/p>\n<p>Eine \u00dcbermittlung Ihrer pers\u00f6nlichen Daten an Dritte erfolgt nur, wenn<\/p>\n<ul style=\"list-style-type: circle;\">\n<li>Sie hierzu Ihre ausdr\u00fcckliche Einwilligung erteilt haben (Art. 6 Abs. 1 S. 1 lit. a DS-GVO)<\/li>\n<li>die Weitergabe gesetzlich zul\u00e4ssig und f\u00fcr die Abwicklung von Vertragsverh\u00e4ltnissen mit Ihnen erforderlich ist (Art. 6 Abs. 1 S. 1 lit. b DS-GVO)<\/li>\n<li>f\u00fcr die Weitergabe eine gesetzliche Verpflichtung besteht (Art. 6 Abs. 1 S. 1 lit. c DS-GVO)<\/li>\n<li>die Weitergabe zur Geltendmachung, Aus\u00fcbung oder Verteidigung von Rechtsanspr\u00fcchen erforderlich ist und kein Grund zu der Annahme besteht, dass Sie ein \u00fcberwiegendes schutzw\u00fcrdiges Interesse an der Nichtweitergabe Ihrer Daten haben (Art. 6 Abs. 1 S. 1 lit. f DS-GVO).<\/li>\n<\/ul>\n<p><strong>4. Cookies<\/strong><\/p>\n<p>Diese Website verwendet Cookies. Dabei handelt es sich um kleine Textdateien, welche auf Ihrem Endger\u00e4t gespeichert werden. Ihr Browser greift auf diese Dateien zu. Durch den Einsatz von Cookies erh\u00f6ht sich die Benutzerfreundlichkeit und Sicherheit dieser Website.<br \/>\nG\u00e4ngige Browser bieten die Einstellungsoption, Cookies nicht zuzulassen.<br \/>\nHinweis: Es ist nicht gew\u00e4hrleistet, dass Sie auf alle Funktionen dieser Website ohne Einschr\u00e4nkungen zugreifen k\u00f6nnen, wenn Sie entsprechende Einstellungen vornehmen.<br \/>\nWir setzen auf unserer Seite Cookies ein. Hierbei handelt es sich um kleine Dateien, die Ihr Browser automatisch erstellt und die auf Ihrem Endger\u00e4t (Smartphone, Tablet, Laptop o.\u00c4.) gespeichert werden, wenn Sie unsere Seite besuchen. Cookies richten auf Ihrem Endger\u00e4t keinen Schaden an, enthalten keine Viren, Trojaner oder sonstige Schadsoftware.<\/p>\n<p><strong>5. Rechte der betroffenen Personen<\/strong><\/p>\n<p>Sie haben das Recht,<\/p>\n<ul style=\"list-style-type: circle;\">\n<li>gem. Art. 7 Abs. 3 DS-GVO Ihre einmal erteilte Einwilligung uns gegen\u00fcber jederzeit zu widerrufen<br \/>\nDurch den Widerruf wird die Rechtm\u00e4\u00dfigkeit der aufgrund Ihrer vorherigen Einwilligung erfolgten Verarbeitung nicht ber\u00fchrt. Der Widerruf hat nur zur Folge, dass wir die Datenverarbeitung, die auf dieser Einwilligung beruhte, f\u00fcr die Zukunft nicht mehr fortf\u00fchren d\u00fcrfen.<\/li>\n<li>gem. Art. 15 DS-GVO Auskunft \u00fcber Ihre von uns verarbeiteten personenbezogenen Daten zu verlangen.<br \/>\nInsbesondere k\u00f6nnen Sie Auskunft verlangen \u00fcber<\/p>\n<p>&#8211; die Verarbeitungszwecke<br \/>\n&#8211; die Kategorien der personenbezogenen Daten, die verarbeitet werden oder wurden<br \/>\n&#8211; die Empf\u00e4nger oder Kategorien von Empf\u00e4ngern, gegen\u00fcber denen Ihre Daten offengelegt werden oder wurden<br \/>\n&#8211; die geplante Speicherdauer<br \/>\n&#8211; das Bestehen eines Rechts auf Berichtigung, L\u00f6schung oder Einschr\u00e4nkung der Verarbeitung oder eines Widerspruchsrechts<br \/>\n&#8211; das Bestehen eines Beschwerderechts bei einer Aufsichtsbeh\u00f6rde<br \/>\n&#8211; die Herkunft Ihrer Daten, sofern diese nicht bei uns erhoben wurden<br \/>\n&#8211; das Bestehen einer automatisierten Entscheidungsfindung und ggf. aussagekr\u00e4ftigen Informationen \u00fcber die involvierte Logik sowie die Tragweite und die angestrebten Auswirkungen einer derartigen Verarbeitung f\u00fcr Sie.<\/li>\n<li>gem. Art. 16 DS-GVO unverz\u00fcglich die Berichtigung Sie betreffender unrichtiger personenbezogener Daten oder die Vervollst\u00e4ndigung Ihrer bei uns gespeicherten personenbezogenen Daten zu verlangen, sofern diese unvollst\u00e4ndig sind<\/li>\n<li>gem. Art. 17 DS-GVO die L\u00f6schung Ihrer bei uns gespeicherten personenbezogenen Daten zu verlangen<br \/>\nDies gilt nicht, soweit die Verarbeitung Ihrer Daten erforderlich ist<\/p>\n<p>&#8211; zur Aus\u00fcbung des Rechts auf freie Meinungs\u00e4u\u00dferung und Information<br \/>\n&#8211; zur Erf\u00fcllung einer rechtlichen Verpflichtung<br \/>\n&#8211; aus Gr\u00fcnden des \u00f6ffentlichen Interesses im Bereich der \u00f6ffentlichen Gesundheit<br \/>\n&#8211; f\u00fcr im \u00f6ffentlichen Interesse liegende Archivzwecke, wissenschaftliche oder historische Forschungszwecke oder f\u00fcr statistische Zwecke<br \/>\n&#8211; zur Geltendmachung, Aus\u00fcbung oder Verteidigung von Rechtsanspr\u00fcchen.<\/li>\n<li>gem. Art. 18 DS-GVO die Einschr\u00e4nkung der Verarbeitung Ihrer personenbezogenen Daten zu verlangen<br \/>\nDies gilt, soweit<\/p>\n<p>&#8211; die Richtigkeit der Daten von Ihnen bestritten wird<br \/>\n&#8211; die Verarbeitung unrechtm\u00e4\u00dfig ist, Sie aber die L\u00f6schung der Daten ablehnen und stattdessen die Einschr\u00e4nkung der Datennutzung verlangen<br \/>\n&#8211; wir die Daten nicht l\u00e4nger ben\u00f6tigen, Sie jedoch die Daten zur Geltendmachung, Aus\u00fcbung oder Verteidigung von Rechtsanspr\u00fcchen ben\u00f6tigen<br \/>\n&#8211; Sie gem. Art. 21 Abs. 1 DS-GVO Widerspruch gegen die Verarbeitung eingelegt haben.<\/li>\n<li>gem. Art. 20 DS-GVO Ihre personenbezogenen Daten, die Sie uns bereitgestellt haben, in einem strukturierten, g\u00e4ngigen und maschinenlesbaren Format zu erhalten oder die \u00dcbermittlung an einen anderen Verantwortlichen zu verlangen.<\/li>\n<li>gem. Art. 77 DS-GVO sich bei einer Aufsichtsbeh\u00f6rde zu beschweren<br \/>\nIn der Regel k\u00f6nnen Sie sich hierbei an die Aufsichtsbeh\u00f6rde Ihres \u00fcblichen Aufenthaltsortes oder Arbeitsplatzes oder unseres Kanzleisitzes wenden.<\/li>\n<\/ul>\n<p><strong>6. Widerspruchsrecht<\/strong><\/p>\n<p>Sofern Ihre personenbezogenen Daten auf Grundlage von berechtigten Interessen verarbeitet werden (Art. 6 Abs. 1 S. 1 lit. f DS-GVO), haben Sie gem. Art. 21 DS-GVO das Recht, Widerspruch gegen die Verarbeitung einzulegen, soweit daf\u00fcr Gr\u00fcnde vorliegen, die sich aus Ihrer besonderen Situation ergeben oder sich der Widerspruch gegen Direktwerbung richtet. Im letzteren Fall haben Sie ein generelles Widerspruchsrecht, das ohne Angabe einer besonderen Situation von uns umgesetzt wird.<br \/>\nFalls Sie von Ihrem Widerspruchsrecht Gebrauch machen wollen, richten Sie bitte eine E-Mail an rain@gmx.de.<\/p>\n<p><strong>7. Datensicherheit<\/strong><\/p>\n<p>Wir verwenden innerhalb des Website-Besuchs das verbreitete SSL-Verfahren (Secure Socket Layer) in Verbindung mit der jeweils h\u00f6chsten Verschl\u00fcsselungsstufe, die von Ihrem Browser unterst\u00fctzt wird. In der Regel handelt es sich dabei um eine 256 Bit-Verschl\u00fcsselung.<br \/>\nFalls Ihr Browser keine 256 Bit-Verschl\u00fcsselung unterst\u00fctzt, greifen wir stattdessen auf 128 Bit v3-Technologie zur\u00fcck.<br \/>\nOb eine einzelne Seite unseres Internetauftritts verschl\u00fcsselt \u00fcbertragen wird, erkennen Sie an der geschlossenen Darstellung des Sch\u00fcssel- bzw. Schloss-Symbols in der unteren Statusleiste Ihres Browsers.<br \/>\nWir bedienen uns im \u00dcbrigen geeigneter technischer und organisatorischer Sicherheitsma\u00dfnahmen, um Ihre Daten gegen zuf\u00e4llige oder vors\u00e4tzliche Manipulationen, gegen teilweisen oder vollst\u00e4ndigen Verlust, gegen Zerst\u00f6rung oder gegen den unbefugten Zugriff Dritter zu sch\u00fctzen. Unsere Sicherheitsma\u00dfnahmen werden entsprechend der technologischen Entwicklung fortlaufend verbessert.<\/p>\n","protected":false},"excerpt":{"rendered":"<p>Datenschutzerkl\u00e4rung Geltungsbereich Diese Datenschutzerkl\u00e4rung soll die Nutzer dieser Website gem\u00e4\u00df Bundesdatenschutzgesetz und Telemediengesetz \u00fcber die Art, den Umfang und den Zweck der Erhebung und Verwendung personenbezogener Daten durch den Websitebetreiber informieren. Der Websitebetreiber nimmt Ihren Datenschutz sehr ernst und behandelt Ihre personenbezogenen Daten vertraulich und entsprechend der gesetzlichen Vorschriften. Bedenken Sie, dass die Daten\u00fcbertragung im &hellip; <\/p>\n<p class=\"link-more\"><a href=\"https:\/\/gerstmann-baltissen.de\/?page_id=68\" class=\"more-link\"><span class=\"screen-reader-text\">\u201eDatenschutz\u201c<\/span> weiterlesen<\/a><\/p>\n","protected":false},"author":1,"featured_media":0,"parent":0,"menu_order":0,"comment_status":"closed","ping_status":"closed","template":"","meta":{"footnotes":""},"_links":{"self":[{"href":"https:\/\/gerstmann-baltissen.de\/index.php?rest_route=\/wp\/v2\/pages\/68"}],"collection":[{"href":"https:\/\/gerstmann-baltissen.de\/index.php?rest_route=\/wp\/v2\/pages"}],"about":[{"href":"https:\/\/gerstmann-baltissen.de\/index.php?rest_route=\/wp\/v2\/types\/page"}],"author":[{"embeddable":true,"href":"https:\/\/gerstmann-baltissen.de\/index.php?rest_route=\/wp\/v2\/users\/1"}],"replies":[{"embeddable":true,"href":"https:\/\/gerstmann-baltissen.de\/index.php?rest_route=%2Fwp%2Fv2%2Fcomments&post=68"}],"version-history":[{"count":7,"href":"https:\/\/gerstmann-baltissen.de\/index.php?rest_route=\/wp\/v2\/pages\/68\/revisions"}],"predecessor-version":[{"id":160,"href":"https:\/\/gerstmann-baltissen.de\/index.php?rest_route=\/wp\/v2\/pages\/68\/revisions\/160"}],"wp:attachment":[{"href":"https:\/\/gerstmann-baltissen.de\/index.php?rest_route=%2Fwp%2Fv2%2Fmedia&parent=68"}],"curies":[{"name":"wp","href":"https:\/\/api.w.org\/{rel}","templated":true}]}}